6 + -1 - (-5630 - -5639)?
-48
16 + -25 + 11 + -26 + 11
-13
(-41 + 11 - -32) + -37 + 3 + -1
-33
-7 + 0 + 0 + -5 + (10 - -87) + 47
132
What is the value of (2 + 12 - (12 + -21 + 8)) + 13?
28
Calculate (229 - (225 - -13)) + (0 + 7 - -2).
0
What is the value of -81 + (15 - 4 - 26) + 19?
-77
What is the value of (-6 - -33) + (-2 - 2 - ((-10 - -6) + -1))?
28
(-74 - 2) + (-20 - -21) + 41 + -24
-58
What is (77 - -14) + (257 - 394)?
-46
What is the value of -7 + -9 + (9 + -24 + 11 - -81 - -7)?
68
Calculate -13 - (-88 + (-4 - (0 + -11))).
68
What is the value of (12 - 34 - (-37 - -8)) + 2 + -2 + 11?
18
Calculate 258 - 269 - (-4 + (-2 - 7)).
2
Evaluate 3646 + -3648 + (0 - (-9 + 2) - 1).
4
-3 - (10 + (13 - 9) - 10) - -3
-4
What is (23 + -65 - -23) + 29?
10
What is -3 - (696 + -724 - (-2 + -33))?
-10
(-15 - -3) + 3 + (2 - 24) + -7 + 22
-16
What is -47 + (89 - 5) - (-2 - (-5 - (2 - -1)))?
31
14 + (-35 - (30 + 7 + -38))
-20
5 + -13 + (-2 - -12 - 5) - (-7 + 55)
-51
What is the value of (15 - (47 - 46)) + -27?
-13
(-3987 - -4037) + 1 + -57
-6
Calculate (20 - 0 - (44 + -91)) + (-18 - 1).
48
Evaluate 14 - 4 - (2 - 4 - -42 - (-90 - -80)).
-40
11 - (-10 - -13 - (-1 - (-13 - -3)))
17
(-42 - -82) + 10 + -59
-9
Evaluate 17 - (77 - 35) - 35.
-60
-137 - -172 - (-35 + 97)
-27
(17 - 7 - (42 - (0 - -33))) + -81
-80
Calculate (-12 + -94 - -3) + 12 + -10 + 7.
-94
Calculate 57 - (-8 + 73 - 86).
78
What is the value of 11 + -6 - (42 - 7) - (3 + -22)?
-11
-54 + (54 - (48 - 27))
-21
What is the value of 2 + -15 + -3 - (-368 + 358)?
-6
-57 - (-28 + 53 + -13 - (-11 - -3))
-77
Calculate (-30 - -85) + -81 + (42 - 0).
16
-3 - ((-2 - 80) + -3 - (55 - 54 - 10))
73
Evaluate 3 + 6 - (-10 + 16 + 11 + -10).
2
What is the value of (-100 + 29 - -42) + 53 + 120?
144
What is the value of 13 - 2 - 15 - (3 + -12 + 7 - 46)?
44
29 + 0 + (3530 - 3522)
37
Calculate 5 - (-13 + -4 + 6 - (25 - 28)).
13
What is the value of 184 + (-179 - (150 - 260))?
115
What is the value of (-43 - -39 - (2 + (-2 - 0))) + 103 + -50?
49
Calculate 2154 - 2159 - (1 - 4) - 27.
-29
What is the value of 46 + (27 - 12 - 28)?
33
-61 + -7 + 13 - (222 - 237)
-40
7 - (-4 - (-9 + (26 - 12) + -2))
14
((-3 - 7) + 1 - (25 + -20)) + 8 - 109
-115
What is -22 - (40 + -103) - (-8 + 1 + -1 + 1)?
48
What is the value of -2 - -116 - (-8945 - -9046)?
13
Evaluate -52 - (-32 + 39 + (-4 - 0) - (-5 + 14)).
-46
Evaluate (-4 - (-4 - -107)) + (-201 - -212) - -10.
-86
Evaluate 1 - (12 - -1) - (-66 + 26 - -43).
-15
Evaluate -105 + (0 - (32 - 20)) + 19 + -3.
-101
-68 - -81 - (-11 - -1)
23
Calculate (-29 - (-44 - -3)) + 1 + -1 + -52.
-40
What is 7 + 10 + -20 + 22 + 9?
28
What is the value of -82 - -169 - 148 - -111?
50
Evaluate 118 + (-160 - -62) + -105.
-85
What is -102 + 161 + (-2 - 15)?
42
-324 + 285 - (-12 - -22)
-49
What is (8 + -17 + -9 + 19 - -61) + 13?
75
0 - (0 - (13 + 2 - (-123 + 140)) - 91)
89
Calculate (14 - 1 - (3 + -2 - 3)) + 6762 + -6752.
25
What is the value of 26 - (25 + 58 + -54)?
-3
What is the value of -1 - (16 + -8 + (-8 - -12) - 82)?
69
-15 + (41 - 31) + -13 + (61 - -3)
46
31 + -102 + (15 - (-34 - -12))
-34
Evaluate -37 - (-50 + 31 - -17 - 149).
114
What is the value of -14 + -2 + (1 - -19 - 20 - (-2 + -1))?
-13
What is the value of -19 + -231 + 120 - ((-3 - 0) + -1)?
-126
Calculate 71 - ((-1 - -1 - -8) + -301 + 309).
55
What is the value of 16 - -1 - (3 + 24 + -25) - 33?
-18
-10 - (0 + 1 - 72) - -18
79
What is 73 + -244 + 39 + 72?
-60
What is (4172 - 4133) + -1 + -21?
17
Calculate 42 + (-30 - (26 + (20 - 31))).
-3
What is the value of 35 - -3 - (-2746 + 2837)?
-53
Calculate 202 - (87 - (-92 + 23)).
46
Evaluate 6 - (17 - (6 + -28) - -6).
-39
Evaluate 32 + (-7 - -5) - (-664 + 663).
31
Calculate -3 + 5 + 9 + (10 - ((-6 - -9) + -2)).
20
What is 30 + (-6 - (-16 - 1)) + (0 - -1 - 0)?
42
5 - (3 + -2 + -73 - (-52 - (-12 - 30)))
67
-78 + 2 - (1 + 8 - 8 - 4 - -3)
-76
What is the value of -3 - ((7 + -3 - 10) + (-10 - (3 + 5)))?
21
What is the value of -16 + (6 - -6 - (39 + -78) - 10)?
25
-293 + 282 + (2 - -47) + -3 + 0
35
Calculate (19 - -48) + (173 - 274).
-34
What is (-72 - -152 - 126) + 61?
15
(-113 - 5) + (-254 - -320)
-52
Evaluate (-19 + 11 - 11) + -7 + 22 + -25.
-29
Calculate (15 - (5 + -10 + (14 - 5))) + (37 - 42).
6
What is 5857 + -5913 + 58 + 0?
2
What is -74 - (-3 - 1 - ((-42 - 19) + 50))?
-81
-5 + 61 + (-14 - -4)
46
Evaluate -1 + 6 + -1 + (66 - 24 - 58) - -46.
34
What is 64 + (-16 + -35 - -39)?
52
Evaluate 19 + 8 + 8 + -48.
-13
What is -1 - -5 - (4 + (-15 - (-69 - (18 + -17))))?
-55
Evaluate (2 + -9 - 66) + 72 + -48.
-49
Calculate (-15 - -14) + 4 + 5.
8
158 + -91 + 209 + -129
147
-29 + 3 + 11 + 26 + -18
-7
-6 - (-5 + -3 + (12 - 19 - -3))
6
Calculate -1 + 60 + 1 + (7281 - 7251).
90
Calculate -108 - -78 - (-61 + -8).
39
What is 4 - -21 - (77 + -55)?
3
Calculate -109 + -19 - (-30 + -74).
-24
Evaluate -7 + (-15 - -18) + 10 + (6 - -8).
20
Evaluate 38 + -20 + -3 + -2.
13
What is (3 - 0) + (-17 - (-7 + 23 - 27)) - -8?
5
-71 - (-10 + (-9 - -5) + (3 - -6) + 5)
-71
Evaluate 15 - (-17 + -8 + 0 + 28).
12
Calculate 4 + 1 - (7 - ((22 - 24) + 5)).
1
Calculate 1 + -3 + 28 - (-3934 + 3990).
-30
3 + -4 - (85 - 76) - 22
-32
What is the value of -49 + 19 + (5 - -5) - 17 - -23?
-14
-7 + 76 - -3 - (11 + -12 - -16)
57
What is (-14 - -14) + -6 + -5 - (14 + -9)?
-16
Evaluate -48 + 250 + -242 - (1 + -151).
110
Calculate -46 + (6 - -7) - -21.
-12
What is 123 - (-6 + 5) - (-80 + (-13 - -79))?
138
What is the value of -34 + 51 + -36 + -21?
-40
What is -48 + (514 - 433) + (33 - 0)?
66
19 + (18 - 0) + 10 + (-30 - -11)
28
What is (59 - 33) + -27 + 3 + 0 - -61?
63
-1 - (0 - 1 - 3 - (179 - (47 - -77)))
58
-67 - -95 - (3 + 8 + 10) - 85
-78
Calculate (580 - 581) + -37 + (1 - (-1 - -2)).
-38
Calculate (-169 + 169 - (3 + -79 + -7)) + -22.
61
Evaluate 18 + 10 + -158 + 155.
25
Evaluate (-587 - -539) + (4 - -109).
65
What is -12 + (10 - 53) - -97?
42
Calculate 1 - (-18 + 0 - (-27 - -2 - (39 + -56))).
11
-276 - -284 - (14 + (0 - 1))
-5
(-25 - (-9 - 42)) + -1 + -3
22
What is 38 - (104 - -28 - 13 - 7)?
-74
What is -59 - (42 - 82) - (1 + 64) - 12?
-96
Evaluate 1 - 37 - (-461 - -415) - ((0 - 1) + -28).
39
What is the value of 3 - -36 - (11 - 1 - (19 + -7))?
41
What is the value of (3686 - 3624) + 0 + -36?
26
What is 16 + -1 + -27 - (-1 + -32 - 0 - -3)?
18
-3 + (-14 - ((-13 - -1) + -13 + 8 + -9))
9
Evaluate (-2483 - -2458) + (0 - -55).
30
Calculate -7 + -73 - (4 + 1 - (3 + -16 + 13)).
-85
Evaluate (-11 - 0) + 31 + (27 - (11 + 23)).
13
Calculate -45 + -24 + (-50 - -97).
-22
3845 + -3811 - (-13 + -4)
51
What is -11 + 15 - -74 - (4 + (-22 - -23))?
73
What is (-91 - -5) + (547 - 379)?
82
What is -2 - (20 + -45 + 20) - 40?
-37
What is 3 + -2 + -4 + (245 - 97 - 152)?
-7
Evaluate -42 + -50 + 28 + -32 + (11 - (0 + -2)).
-83
Evaluate 10 - (-14 + (13 - 12) - (12 + -3)).
32
Evaluate 16 + -10 + 6 + -137 + (11 - 3 - 2).
-119
Calculate 60 - (47 - 21) - 27 - 12.
-5
Evaluate -1 + 0 + 3 + -5 + -313 + 316.
0
Calculate 135 + (-128 - (44 - 120)).
83
Calculate (1 - 2) + -37 - ((45 - -38) + -77).
-44
Evaluate -548 - -487 - (-20 - 3).
-38
70 - (195 + -94 + 41)
-72
26 + -18 - (15 + 0) - 26
-33
2 - (3 - (13 + (-2 - (15 + -29))))
24
Evaluate -575 - -569 - (-3 - (5 - (0 - 1)) - -1).
2
Calculate -2779 + 2748 - (-3 - 19 - 1).
-8
Calculate -6022 + 6008 + -1 + -2.
-17
Evaluate -33 + 11 + (-4 - (-2 + (13 - 11))).
-26
What is -35 + 35 + -11 + -16?
-27
What is the value of -2 + -6 - (-32 + 33 + (67 - 45))?
-31
Calculate 6 - (-47 - (9 - 25)) - 10.
27
87 + -1 + -223 + (455 - 211)
107
What is the value of (26 - 19 - 198) + 107?
-84
Calculate 8 - -13 - ((12 + 10 - 58) + 98).
-41
Calculate -53 + 133 + 9 + -4 + -4.
81
Calculate -66 + (-65 - (22 + -64)) + 18 + 0.
-71
Calculate (-11 - (9 - 19)) + 1 - (-12 - 43 - 2).
57
Evaluate -54 - (72 + 47 + -248).
75
Evaluate (134 - 24) + -26 - 57.
27
What is -17 + 72 + (-3 + 22 + -4 - (38 - 31))?
63
What is 32 + (-36 - -15) + (21 - -3)?
35
12 + (-1 + -14 - 5) - 5
-13
What is 179 + -185 + (22 - 26) + (0 - (1 - 69))?
58
What is the value of (32 - 0) + -4980 + 4892?
-56
What is (-29 - (31 + -31)) + 28?
-1
What is the value of -4 + (5395 + -5263 - (5 + (-2 - (-2 - 0))))?
123
Evaluate 36 + -65 + 27 - -40.
38
37 + (14 - 2) + -14 + (-11 - -1)
25
Evaluate (69 - 11 - -1) + (-7 - 9)